 0 + -11)?
7
What is (0 + 1 - (2 - 0)) + -3?
-4
What is the value of 11 + -2 + (-4 - 0)?
5
What is 0 - (-2 - 1 - -1 - -5)?
-3
What is -1 - ((6 - 3) + -2)?
-2
Evaluate -1 + 0 + 4 - (3 + -2).
2
Evaluate -5 + 3 + (10 - (3 + 8)).
-3
What is 7 + -6 - (0 - (-3 - 1))?
-3
What is the value of 3 + 14 - (6 + -1) - 5?
7
-3 - (1 + 4 + -8)
0
What is 35 + -31 + (2 - -1)?
7
Evaluate -5 + 9 - 3 - -2.
3
What is (-13 - (0 + -10)) + (2 - 0)?
-1
Calculate -6 + 1 + (5 - 0).
0
Evaluate 7 + 0 + (3 + 3 - 6).
7
What is the value of 8 - (6 - 1) - 9?
-6
Calculate -8 + (20 - 12 - -3).
3
Calculate (7 + -10 - -2) + 2.
1
What is the value of 18 - (14 - (2 + 4))?
10
What is -30 - -29 - (-3 + -6 + 1)?
7
What is the value of 11 + -14 + (1 - 2) + 0?
-4
Evaluate -2 + (-3 - (-3 - -1 - 1)).
-2
Evaluate -1 - -4 - 6 - -1.
-2
What is -9 + (6 - -3) - (-1 - -1)?
0
What is the value of 0 + 2 - (0 + (-3 - 0))?
5
Calculate (-3 + -4 - -9) + -2.
0
Calculate -2 - (-4 + 1 + (6 - 4)).
-1
Evaluate 9 - (-8 - (-2 - 6)).
9
What is -2 - (3 + 0 - (0 + 4))?
-1
What is -20 + 23 - (2 + 6)?
-5
What is the value of (-1 - -4) + (0 - (2 - 2))?
3
3 + -2 + (-2 - -2 - -4)
5
What is the value of -4 + (11 - 11 - (-5 - -1))?
0
-5 + (-13 - -7 - -2)
-9
3 + (-7 - (-3 + -1))
0
Evaluate 1 - (9 + -4 + -12 + 5).
3
-110 + 119 + (-1 - 3)
5
-13 + 12 + 4 + 0
3
Calculate -6 + (-12 - -10) + 9.
1
What is -1 + -7 - (-13 + 6) - 2?
-3
What is the value of 2 + -12 - -19 - 2?
7
What is (-6 + 1 - -20) + -6 + -4?
5
What is the value of 5 + (-2 - (2 - (1 + 4)))?
6
Evaluate 5 + -2 - (12 + 6 + -13).
-2
3 + -2 + -2 + 6
5
3 - (2 - (0 + (1 - -1)))
3
What is -6 - -11 - (8 - 3) - 2?
-2
Calculate (-4 - 1) + (-2 - -7) + 4.
4
3 + -4 + 0 - (-17 - -17)
-1
What is the value of -1 + -6 + (-24 - -39)?
8
-5 - -1 - -5 - 0
1
What is the value of (7 - 8) + (-5 - (-13 + 5))?
2
Evaluate 6 - 3 - (7 - (10 + -7)).
-1
What is the value of -4 + (-7 - -4 - -5) - 0?
-2
-8 + (8 - 7) - -1
-6
-4 + -1 + 3 - -3
1
Evaluate 11 + -15 + (-8 - -15) - -1.
4
What is the value of (-4 + -3 - -14) + -9?
-2
Evaluate 4 + -5 + (-1 - (5 - 8)).
1
20 - (-11 + (-4 - -27))
8
What is (2 - 2) + -2 - 0?
-2
Calculate (2 - 2) + -5 - (5 + -9).
-1
(-6 + 0 - (-4 + 1)) + 5
2
Evaluate -3 - (5 + (1 + -5 - 0)).
-4
Calculate -3 - (-7 - (-1 + 0)).
3
Evaluate 1 - (3 - (8 - 1) - -2).
3
What is the value of (7 - (2 - -5)) + -6?
-6
Evaluate 0 + (2 - -3) + (3 - 4).
4
What is 0 - (6 + (1 - 3) + -1)?
-3
Calculate -4 - (1 - (-1 + 1)).
-5
What is the value of -4 - (2 + -20 - -6 - -6)?
2
Evaluate 8 + -12 - 2 - -9.
3
(-2 - -1) + (-1 - -2 - 2)
-2
What is 1 + 4 + -52 + 53 - 10?
-4
Evaluate 2 + (-5 - (5 + -14)).
6
Evaluate 16 + (-3 - -1) - 23.
-9
What is the value of 5 - 6 - (-7 - -6)?
0
4 - (1 - (-9 - -5))
-1
Calculate -6 - (3 + (-2 - -2 - 14)).
5
Calculate 1 + (1 - 5) + 0 - -5.
2
6 - (0 + 4 + 4 + -13)
11
(1 - 5) + 1 - (-211 - -204)
4
What is the value of 4 + (-4 - (4 + -3)) - -2?
1
Calculate -5 + 4 + 2 + -4 + 8.
5
What is 26 + -22 + -1 + -2?
1
Evaluate 5 + -2 - (4 - (11 + -5)).
5
1 + (1 - 13) - (-39 - -34)
-6
What is the value of (0 - (4 - 2)) + (27 - 34)?
-9
What is the value of 3 + -1 - (12 + -5)?
-5
Evaluate -1 - -6 - (-2 - (-11 - 1)).
-5
Calculate (3 + -10 - -6) + 5.
4
What is 0 - (4 + (1 - 5) + 1)?
-1
What is -7 - -2 - -9 - 1?
3
What is -6 + 7 + -4 + 2 + 3?
2
Evaluate -8 + -3 + 10 + (-3 - 3).
-7
What is the value of 3 - (-2 - (-3 - 3)) - -6?
5
Calculate -4 + (-3 - -13) - (-8 + 11).
3
(-3 - 1) + -1 + 3 + -2
-4
2 + (-3 - -4) + -4
-1
What is (-2 - 1 - 1) + (0 - 0)?
-4
Evaluate -20 - -24 - ((3 - 0) + 3).
-2
What is (-4 + 5 - 7) + 1 + 2?
-3
Calculate 7 - (15 - 17) - 3.
6
What is 1 + 2 + -1 + (-5 - -1)?
-2
3 + (-10 + (0 - 0) - -2)
-5
0 + 2 + 0 + 10 + -15
-3
What is the value of (0 - -10) + (77 - 89)?
-2
Calculate (-5 - 9) + 20 + -8.
-2
-6 + 6 - -7 - 12
-5
What is -1 + 8 - 2 - (3 + -1)?
3
What is 9 + -6 + -9 - -6?
0
-5 + -6 + 20 + -4
5
What is the value of 8 - (0 - -1) - (-6 + 9)?
4
Evaluate -13 + 18 + -6 + -6.
-7
What is -1 + 0 + -1 + -3 - -11?
6
What is (-1 - -13) + (6 - 12)?
6
Calculate 1 + 0 + (4 - -1) + 0.
6
Calculate (12 - 4) + -1 - 6.
1
What is (15 - 13) + -4 + 0?
-2
Calculate 3 + 1 + (4 - 12) + 3.
-1
Calculate 0 - -4 - (-10 + 2 - -9).
3
Calculate -6 - ((6 - 18) + 3).
3
What is the value of -7 - (-3 + -4 + 3 + -3)?
0
Calculate -3 + 1 + (4 - -2).
4
Calculate -2 + (6 - 0) + -1.
3
Calculate 3 - (-2 - -3) - -4 - 0.
6
Calculate (1 - -5) + -3 + 1.
4
Calculate -2 + (-4 - ((-4 - -1) + -2)).
-1
What is 0 - (-4 + 6 + -9 + 3)?
4
Calculate (7 + -1 - 6) + -2 + 1.
-1
What is the value of -2 + (4 - 4 - (-5 - -2))?
1
Evaluate 4 + -8 + 4 - -4.
4
What is the value of -7 + 3 + 5 - 4?
-3
What is the value of -5 - (-4 + 0 + 0)?
-1
What is the value of 4 + (-3 - (-4 + 4)) - 2?
-1
What is the value of (-2 - 3) + 29 + -13 + -8?
3
What is 10 + -11 + 1 + (1 - 3)?
-2
What is (4 - -6) + -10 + 5?
5
What is the value of (5 - 6) + -3 - -4?
0
Calculate -2 + 1 + 2 + (23 - 21).
3
4 + -2 + -1 + -7
-6
Evaluate 1 - ((2 - -1) + -2).
0
-1 + 7 + (5 - 6) + -13
-8
Evaluate (-5 - -7) + -1 - -2.
3
What is -1 + -1 + 1 - (9 + -8)?
-2
Calculate -8 + 2 + 3 + 2.
-1
(-4 + 9 - 13) + 5
-3
Calculate 1 - (-6 + 5 + 3).
-1
12 + -11 + (4 - 7)
-2
What is the value of (0 - 5) + 3 + -4?
-6
Calculate (-3 + -1 - -3) + 2.
1
What is the value of -1 + (4 - -4) + -3?
4
What is (1 + -2 - (2 - -3)) + -2?
-8
Calculate -4 + (6 - 4) + 0 - 3.
-5
(-1 - -2) + -48 + 41
-6
Evaluate 5 - (-19 + 24 + (-5 - 1)).
6
What is 3 + 0 + -5 + 1?
-1
Calculate -21 + 14 + (2 - 1).
-6
Calculate -3 + -5 + 14 + -4.
2
What is (-1 - (-1 - 6)) + -3?
3
Evaluate 3 + (4 - 5) + -2.
0
What is the value of -11 - ((-5 - -1) + (36 - 36))?
-7
Evaluate 4 + (0 - -1 - 2).
3
What is the value of (-2 - 1) + 94 + -81?
10
What is (-8 + 18 - 9) + -2 + 0?
-1
Evaluate -2 - -12 - (-6 - -7).
9
Evaluate 0 + -5 - (10 + 4 - 14).
-5
1 - ((10 - (4 + 0)) + -9)
4
Evaluate (7 - (-1 - -8)) + 2 + -4.
-2
What is -29 - -32 - (0 - 2 - -7)?
-2
What is the value of -9 + (8 - 7) - -8?
0
What is 20 - (-2 + 2 + 12)?
8
What is -3 - (1 + 4 + -8) - 4?
-4
Evaluate 11 - (-3 - 0 - -9).
5
-6 + (-3 - 0) + 15
6
Calculate -1 - 6 - (-19 - -5).
7
-2 + -8 + 19 + -13
-4
Evaluate (3 - (4 - -10)) + 8.
-3
Calculate -6 - (-18 - -11) - 3.
-2
Calculate (6 - (16 + -3)) + 6.
-1
Calculate (4 - 1) + (-2 - -6) + -9.
-2
What is the value of -4 + (-4 - -8) + (2 - -3)?
5
What is the value of -5 - -4 - (3 - 0)?
-4
5 + (4 + -3 - 5)
1
What is the value of 1 + (1 - (-2 + 4 + -3))?
3
Calculate 0 + 3 - -6 - 5.
4
-18 - -17 - (4 + -1 - -4)
-8
What is 7 + (11 - (-10 + 19))?
9
Calculate 1 - 6 - (-12 - -9) - 1.
-3
Evaluate 0 + 11 + (6 - 16).
1
Calculate 1 - (-1 + (3 - 5) + 3).
1
Calculate -1 - (4 + 0 + 17 + -26).
4
Evaluate -7 + 14 - (3 - (-2 + 0)).
2
What is the value of (-3 - (-1 - -1)) + -1?
-4
Calculate 9 + 6 + -7 + -1.
7
Calculate -6 - ((-6 - 3) + 5).
-2
What is the value of 2 + (-2 - -2) + -3 - 3?
-4
Calculate -11 + (-3 - -11) + 7.
4
What is 0 + -1 - (1 + -3 - -2)?
-1
Calculate -1 - 11 - -15 - 6.
-3
3 - (0 + -1) - 10 - -1
-5
Calculate -16 + (13 - 5) + -3 + 5.
-6
Evaluate -3 - 3 - (29 - 39).
4
Evaluate -8 + (18 + -5 - 6).
-1
What is -5 + 8 + -1 - -1?
3
What is -9 - (1 - 1) - -4?
-5
Evaluate -4 - ((2 - 3) + -5).
2
What is the value of -6 - -6 - (0 - 1)?
1
What is (-1 - (1 - 1)) + -3 + 6?
2
What is the value of 0 - -6 - 4 - -1?
3
What is the value of (6 - 8) + 10 + -12?
-4
Evaluate 2 + (-3 - 3) - -4.
0
Calculate 1 + -6 - (-12 + 6 + 6).
-5
Calculate 0 + (-1 - 2) + 3.
0
Evaluate 5 - (6 - 3 - -3).
-1
Evaluate 3 + (-12 + 5 + 0 - -1).
-3
What is the value of 0 + -1 - 3 - (233 - 238)?
1
Evaluate (4 - 6) + (-13 - -15).
0
What is -1 - (14 + 0 + -10)?
-5
Evaluate 5 + (-6 - -4 - 3).
0
2 - (1 - 0 - (3 + -3))
1
What is the value of 2 + -5 + (-5 + 0 - -11)?
3
0 + (2 - (6 - -2))
-6
Evaluate -5 + 4 + 3 - (-1 + 8).
-5
What is the value of 36 + -37 - (1 - 5) - -2?
5
What is 0 - ((3 - -4) + -4)?
-3
Calculate (-2 - -5) + -2 + -3 + 7.
5
What is the value of -7 + 13 - (-9 + 9)?
6
-2 - (-8 - -7 - -2)
-3
Evaluate 4 + -2 - (3 + -1 + 1).
-1
Calculate -2 + 1 - (-9 - -1).
7
Calculate -1 - (-3 - 0) - (82 + -79).
-1
What is the value of 0 + (5 - (-2 + -1 + 13))?
-5
What is the value of (9 - (-5 - -5)) + -4 + 0?
5
Evaluate (4 - 6) + -3 - 0.
-5
What is the value of -2 - -5 - (17 + -11)?
-3
-8 + (17